the prime factors of 11372649?
3, 23, 164821
List the prime factors of 48319327.
7, 1433, 4817
What are the prime factors of 240144090?
2, 3, 5, 8004803
What are the prime factors of 14723392?
2, 379, 607
List the prime factors of 988993358.
2, 19, 613, 42457
What are the prime factors of 55817047?
11, 13, 109, 3581
What are the prime factors of 50728839?
3, 7, 47, 103, 499
What are the prime factors of 6691743746?
2, 491, 1087, 6269
What are the prime factors of 1387107399?
3, 523, 601, 1471
List the prime factors of 157956779.
1193, 132403
What are the prime factors of 73981140?
2, 3, 5, 1233019
What are the prime factors of 107790081?
3, 7, 17, 301933
List the prime factors of 233604914.
2, 116802457
What are the prime factors of 58386474?
2, 3, 1081231
What are the prime factors of 280297992?
2, 3, 13, 29, 2383
What are the prime factors of 93547414?
2, 46773707
What are the prime factors of 1352780460?
2, 3, 5, 1013, 2473
List the prime factors of 1636468038.
2, 3, 90914891
List the prime factors of 132169689.
3, 14685521
What are the prime factors of 786599116?
2, 277, 709927
List the prime factors of 1735886721.
3, 19, 30454153
What are the prime factors of 64422438?
2, 3, 157, 68389
List the prime factors of 1410261475.
5, 7, 37, 353, 617
List the prime factors of 160889164.
2, 139, 289369
What are the prime factors of 128065432?
2, 11, 132299
List the prime factors of 49811069.
7, 11, 646897
What are the prime factors of 1633708324?
2, 271, 1507111
List the prime factors of 16644112.
2, 127, 8191
What are the prime factors of 21598509?
3, 83, 127, 683
What are the prime factors of 73986572?
2, 11, 1681513
What are the prime factors of 293221234?
2, 4271, 34327
What are the prime factors of 4360893813?
3, 19, 25502303
List the prime factors of 156430154.
2, 19, 31, 37, 97
What are the prime factors of 2172578355?
3, 5, 29, 97, 1907
List the prime factors of 1644057869.
5953, 276173
What are the prime factors of 147949673?
569, 260017
List the prime factors of 2486651728.
2, 11, 14128703
What are the prime factors of 221065527?
3, 73688509
List the prime factors of 5509486549.
7, 16062643
What are the prime factors of 332992513?
7, 47570359
What are the prime factors of 814104847?
229, 3555043
List the prime factors of 964358339.
7, 137765477
What are the prime factors of 875281986?
2, 3, 6653, 7309
What are the prime factors of 5268897472?
2, 149, 552527
What are the prime factors of 152141819?
152141819
What are the prime factors of 109975286?
2, 131, 419753
List the prime factors of 505982407.
7, 17, 19, 59, 3793
What are the prime factors of 5409571476?
2, 3, 3613, 124771
What are the prime factors of 1149254207?
379, 3032333
List the prime factors of 368028965.
5, 73605793
What are the prime factors of 311048109?
3, 73, 271, 1747
What are the prime factors of 258159744?
2, 3, 74699
What are the prime factors of 970325?
5, 37, 1049
What are the prime factors of 166969273?
293, 569861
What are the prime factors of 5540988646?
2, 29, 503, 189929
List the prime factors of 1001856742.
2, 43, 743, 15679
List the prime factors of 52038065.
5, 10407613
What are the prime factors of 500101834?
2, 23, 157, 69247
What are the prime factors of 118470034?
2, 31, 1109, 1723
List the prime factors of 296767884.
2, 3, 7, 1217, 2903
What are the prime factors of 3864222775?
5, 7, 22081273
What are the prime factors of 71134590?
2, 3, 5, 41, 151, 383
What are the prime factors of 71708470?
2, 5, 19, 53, 7121
What are the prime factors of 299263028?
2, 23, 3252859
List the prime factors of 49138926.
2, 3, 1787, 4583
List the prime factors of 159296467.
11, 43, 307, 1097
List the prime factors of 29050311.
3, 23, 421019
List the prime factors of 6697561446.
2, 3, 19, 19583513
List the prime factors of 4079543095.
5, 815908619
What are the prime factors of 48512483?
48512483
List the prime factors of 90488647.
23, 3934289
List the prime factors of 43151679.
3, 19, 127, 1987
What are the prime factors of 191947373?
191947373
What are the prime factors of 137872704?
2, 3, 718087
What are the prime factors of 32918658?
2, 3, 23, 263, 907
List the prime factors of 1119493405.
5, 199, 653, 1723
List the prime factors of 60423657.
3, 7, 53, 233
List the prime factors of 82790505.
3, 5, 7, 19, 29, 53
List the prime factors of 400717939.
1217, 329267
List the prime factors of 438360915.
3, 5, 29224061
What are the prime factors of 84890550?
2, 3, 5, 565937
What are the prime factors of 2872378572?
2, 3, 7, 34194983
List the prime factors of 148230623.
31, 79, 60527
What are the prime factors of 125452549?
125452549
List the prime factors of 65260039.
13, 23, 101, 2161
List the prime factors of 77884910.
2, 5, 233, 33427
List the prime factors of 473125322.
2, 41, 5769821
What are the prime factors of 24066021?
3, 7, 37, 47, 659
List the prime factors of 130402724.
2, 2843, 11467
What are the prime factors of 198365128?
2, 13, 1907357
List the prime factors of 50349772.
2, 11, 19, 229, 263
What are the prime factors of 72342909?
3, 59, 45413
What are the prime factors of 73443877?
13, 283, 19963
What are the prime factors of 514097293?
43, 11955751
List the prime factors of 43353934.
2, 13, 19, 31, 149
What are the prime factors of 49149888?
2, 3, 255989
List the prime factors of 266297218.
2, 11, 12104419
List the prime factors of 106570154.
2, 53285077
List the prime factors of 66563636.
2, 17, 71, 811
What are the prime factors of 439309?
13, 47, 719
What are the prime factors of 24080801?
24080801
What are the prime factors of 99944907?
3, 33314969
List the prime factors of 21158285.
5, 17, 59, 4219
What are the prime factors of 1120561639?
43, 47, 251
List the prime factors of 845547159.
3, 281849053
What are the prime factors of 364756479?
3, 9007, 13499
What are the prime factors of 3485355555?
3, 5, 11, 17, 613, 2027
List the prime factors of 490427665.
5, 7, 13, 1077863
List the prime factors of 21624676.
2, 1847, 2927
What are the prime factors of 1044566259?
3, 11, 2877593
What are the prime factors of 213627844?
2, 53406961
What are the prime factors of 474287570?
2, 5, 73, 649709
List the prime factors of 190807999.
1051, 181549
What are the prime factors of 216996716?
2, 54249179
List the prime factors of 128636343.
3, 11, 59, 2447
What are the prime factors of 189861061?
13, 751, 19447
What are the prime factors of 1372003564?
2, 17, 20176523
What are the prime factors of 1555348986?
2, 3, 28802759
What are the prime factors of 62459012?
2, 7, 11, 149, 1361
List the prime factors of 107142861.
3, 7, 37, 19699
What are the prime factors of 2175999286?
2, 17, 63999979
What are the prime factors of 151889464?
2, 18986183
List the prime factors of 681735613.
13, 52441201
List the prime factors of 20937976.
2, 2617247
What are the prime factors of 282099547?
17, 67, 857
List the prime factors of 6077086248.
2, 3, 1747, 144941
List the prime factors of 1313849753.
19, 3639473
What are the prime factors of 22161259?
23, 751, 1283
What are the prime factors of 210644470?
2, 5, 41, 513767
List the prime factors of 440007509.
440007509
What are the prime factors of 69552482?
2, 41, 848201
List the prime factors of 763826620.
2, 5, 1151, 33181
What are the prime factors of 261355247?
43, 6078029
List the prime factors of 504626412.
2, 3, 277, 151813
List the prime factors of 79751069.
79751069
What are the prime factors of 69577761?
3, 11, 233, 9049
What are the prime factors of 963106490?
2, 5, 96310649
What are the prime factors of 56545415?
5, 11309083
List the prime factors of 35956614.
2, 3, 479, 12511
What are the prime factors of 213349935?
3, 5, 14223329
List the prime factors of 63026313.
3, 7, 3001253
List the prime factors of 3848499128.
2, 481062391
List the prime factors of 7170683651.
61, 117552191
List the prime factors of 5592641852.
2, 7, 1021, 27947
List the prime factors of 5946110.
2, 5, 31, 19181
List the prime factors of 5205458.
2, 31, 113, 743
List the prime factors of 21950580.
2, 3, 5, 41, 8923
What are the prime factors of 2887487025?
3, 5, 38499827
What are the prime factors of 541641898?
2, 7, 41, 83, 11369
What are the prime factors of 160449736?
2, 20056217
What are the prime factors of 3622530448?
2, 191, 1185383
List th